{"id":225,"date":"2022-11-22T08:27:37","date_gmt":"2022-11-22T07:27:37","guid":{"rendered":"http:\/\/hadi-gmbh.net\/?page_id=225"},"modified":"2022-11-29T16:34:20","modified_gmt":"2022-11-29T15:34:20","slug":"body-tube-basic","status":"publish","type":"page","link":"http:\/\/hadi-gmbh.net\/index.php\/body-tube-basic\/","title":{"rendered":"Body-Tube Basic"},"content":{"rendered":"\t\t<div data-elementor-type=\"wp-page\" data-elementor-id=\"225\" class=\"elementor elementor-225\">\n\t\t\t\t\t\t\t\t\t<section class=\"elementor-section elementor-top-section elementor-element elementor-element-d917257 elementor-section-boxed elementor-section-height-default elementor-section-height-default\" data-id=\"d917257\" data-element_type=\"section\">\n\t\t\t\t\t\t<div class=\"elementor-container elementor-column-gap-default\">\n\t\t\t\t\t<div class=\"elementor-column elementor-col-50 elementor-top-column elementor-element elementor-element-a4e67b7\" data-id=\"a4e67b7\" data-element_type=\"column\">\n\t\t\t<div class=\"elementor-widget-wrap elementor-element-populated\">\n\t\t\t\t\t\t\t\t<div class=\"elementor-element elementor-element-ac0f582 elementor-widget elementor-widget-text-editor\" data-id=\"ac0f582\" data-element_type=\"widget\" data-widget_type=\"text-editor.default\">\n\t\t\t\t<div class=\"elementor-widget-container\">\n\t\t\t<style>\/*! elementor - v3.8.0 - 30-10-2022 *\/\n.elementor-widget-text-editor.elementor-drop-cap-view-stacked .elementor-drop-cap{background-color:#818a91;color:#fff}.elementor-widget-text-editor.elementor-drop-cap-view-framed .elementor-drop-cap{color:#818a91;border:3px solid;background-color:transparent}.elementor-widget-text-editor:not(.elementor-drop-cap-view-default) .elementor-drop-cap{margin-top:8px}.elementor-widget-text-editor:not(.elementor-drop-cap-view-default) .elementor-drop-cap-letter{width:1em;height:1em}.elementor-widget-text-editor .elementor-drop-cap{float:left;text-align:center;line-height:1;font-size:50px}.elementor-widget-text-editor .elementor-drop-cap-letter{display:inline-block}<\/style>\t\t\t\t<p><span style=\"color: #525252; font-family: 'Open Sans', sans-serif; font-size: 14px;\">Die Dittmann Bodytubes sind f\u00fcr ein effektives Ganzk\u00f6rpertraining, speziell f\u00fcr den Sportbereich, entwickelt worden, um die Fitness und Koordination\/K\u00f6rperstabilit\u00e4t zu verbessern. Die Basic Tubes mit stabilen, abwischbaren und desinfizierbaren Standardgriffen\u00a0sind nat\u00fcrlich auch f\u00fcr den Gebrauch in Therapie und Reha und\u00a0privat bestens geeignet.<\/span><\/p><p>Anwendungsbereich:<br \/>Brust- und \u00e4ussere Oberarmmuskulatur<br \/>\u00c4ussere Schultermuskulatur<br \/>Oberarm &#8222;Trizeps&#8220;<br \/>Oberarm &#8222;Bizeps&#8220;<br \/>Wadenmuskulatur<br \/>Gerade Bauchmuskulatur<\/p><p>Hochwertige Profiqualit\u00e4t mit progressiven Zugwiderstand.<\/p><ul style=\"margin-bottom: 1rem; color: #525252; font-family: 'Open Sans', sans-serif; font-size: 14px;\"><li>Standardgriffe aus hartem KU<\/li><li>Griffdurchmesser: ca. 2,2 cm<\/li><li>Durchgriffh\u00f6he: bis zu 8 cm<\/li><li>Tube aus 100%\u00a0Naturkautschuk-Latex gefertigt<\/li><li>gelb &#8211; leicht, ca. 122 cm, ca. 98 g\u00a0<\/li><li>gr\u00fcn &#8211; mittel, ca. 122 cm, ca. 117 g\u00a0<\/li><li>rot\u00a0&#8211; stark, ca. 122\u00a0cm, ca. 141 g\u00a0<\/li><li>blau &#8211; extra stark, ca. 122 cm, ca. 160 g<\/li><\/ul>\t\t\t\t\t\t<\/div>\n\t\t\t\t<\/div>\n\t\t\t\t\t<\/div>\n\t\t<\/div>\n\t\t\t\t<div class=\"elementor-column elementor-col-50 elementor-top-column elementor-element elementor-element-3fd3b99\" data-id=\"3fd3b99\" data-element_type=\"column\">\n\t\t\t<div class=\"elementor-widget-wrap elementor-element-populated\">\n\t\t\t\t\t\t\t\t<div class=\"elementor-element elementor-element-6db403d elementor-widget elementor-widget-image\" data-id=\"6db403d\" data-element_type=\"widget\" data-widget_type=\"image.default\">\n\t\t\t\t<div class=\"elementor-widget-container\">\n\t\t\t<style>\/*! elementor - v3.8.0 - 30-10-2022 *\/\n.elementor-widget-image{text-align:center}.elementor-widget-image a{display:inline-block}.elementor-widget-image a img[src$=\".svg\"]{width:48px}.elementor-widget-image img{vertical-align:middle;display:inline-block}<\/style>\t\t\t\t\t\t\t\t\t\t\t\t<img width=\"625\" height=\"1000\" src=\"http:\/\/hadi-gmbh.net\/wp-content\/uploads\/2022\/11\/GR1017_01_bearbeitet-Kopie.jpg\" class=\"attachment-large size-large\" alt=\"\" loading=\"lazy\" \/>\t\t\t\t\t\t\t\t\t\t\t\t\t\t\t<\/div>\n\t\t\t\t<\/div>\n\t\t\t\t\t<\/div>\n\t\t<\/div>\n\t\t\t\t\t\t\t<\/div>\n\t\t<\/section>\n\t\t\t\t<section class=\"elementor-section elementor-top-section elementor-element elementor-element-436d226 elementor-section-boxed elementor-section-height-default elementor-section-height-default\" data-id=\"436d226\" data-element_type=\"section\">\n\t\t\t\t\t\t<div class=\"elementor-container elementor-column-gap-default\">\n\t\t\t\t\t<div class=\"elementor-column elementor-col-100 elementor-top-column elementor-element elementor-element-657baa6\" data-id=\"657baa6\" data-element_type=\"column\">\n\t\t\t<div class=\"elementor-widget-wrap elementor-element-populated\">\n\t\t\t\t\t\t\t\t<div class=\"elementor-element elementor-element-90d1e6a elementor-widget elementor-widget-image\" data-id=\"90d1e6a\" data-element_type=\"widget\" data-widget_type=\"image.default\">\n\t\t\t\t<div class=\"elementor-widget-container\">\n\t\t\t\t\t\t\t\t\t\t\t\t\t\t\t<img width=\"925\" height=\"617\" src=\"http:\/\/hadi-gmbh.net\/wp-content\/uploads\/2022\/11\/Perfect-Body-TUBE-10-Kopie.jpg\" class=\"attachment-large size-large\" alt=\"\" loading=\"lazy\" \/>\t\t\t\t\t\t\t\t\t\t\t\t\t\t\t<\/div>\n\t\t\t\t<\/div>\n\t\t\t\t\t<\/div>\n\t\t<\/div>\n\t\t\t\t\t\t\t<\/div>\n\t\t<\/section>\n\t\t\t\t\t\t\t<\/div>\n\t\t","protected":false},"excerpt":{"rendered":"<p>Die Dittmann Bodytubes sind f\u00fcr ein effektives Ganzk\u00f6rpertraining, speziell f\u00fcr den Sportbereich, entwickelt worden, um die Fitness und Koordination\/K\u00f6rperstabilit\u00e4t zu verbessern. Die Basic Tubes mit stabilen, abwischbaren und desinfizierbaren Standardgriffen&nbsp;sind nat\u00fcrlich auch f\u00fcr den Gebrauch in Therapie und Reha und&nbsp;privat bestens geeignet. Anwendungsbereich: Brust- und \u00e4ussere Oberarmmuskulatur \u00c4ussere Schultermuskulatur Oberarm &#8222;Trizeps&#8220; Oberarm &#8222;Bizeps&#8220; Wadenmuskulatur Gerade &hellip; <\/p>\n","protected":false},"author":1,"featured_media":0,"parent":0,"menu_order":0,"comment_status":"closed","ping_status":"closed","template":"","meta":[],"yoast_head":"<!-- This site is optimized with the Yoast SEO plugin v19.9 - https:\/\/yoast.com\/wordpress\/plugins\/seo\/ -->\r\n<title>Body-Tube Basic -<\/title>\r\n<meta name=\"robots\" content=\"index, follow, max-snippet:-1, max-image-preview:large, max-video-preview:-1\" \/>\r\n<link rel=\"canonical\" href=\"http:\/\/hadi-gmbh.net\/index.php\/body-tube-basic\/\" \/>\r\n<meta property=\"og:locale\" content=\"de_DE\" \/>\r\n<meta property=\"og:type\" content=\"article\" \/>\r\n<meta property=\"og:title\" content=\"Body-Tube Basic -\" \/>\r\n<meta property=\"og:description\" content=\"Die Dittmann Bodytubes sind f\u00fcr ein effektives Ganzk\u00f6rpertraining, speziell f\u00fcr den Sportbereich, entwickelt worden, um die Fitness und Koordination\/K\u00f6rperstabilit\u00e4t zu verbessern. Die Basic Tubes mit stabilen, abwischbaren und desinfizierbaren Standardgriffen&nbsp;sind nat\u00fcrlich auch f\u00fcr den Gebrauch in Therapie und Reha und&nbsp;privat bestens geeignet. Anwendungsbereich: Brust- und \u00e4ussere Oberarmmuskulatur \u00c4ussere Schultermuskulatur Oberarm &#8222;Trizeps&#8220; Oberarm &#8222;Bizeps&#8220; Wadenmuskulatur Gerade &hellip;\" \/>\r\n<meta property=\"og:url\" content=\"http:\/\/hadi-gmbh.net\/index.php\/body-tube-basic\/\" \/>\r\n<meta property=\"article:modified_time\" content=\"2022-11-29T15:34:20+00:00\" \/>\r\n<meta property=\"og:image\" content=\"http:\/\/hadi-gmbh.net\/wp-content\/uploads\/2022\/11\/GR1017_01_bearbeitet-Kopie.jpg\" \/>\r\n<meta name=\"twitter:card\" content=\"summary_large_image\" \/>\r\n<meta name=\"twitter:label1\" content=\"Gesch\u00e4tzte Lesezeit\" \/>\n\t<meta name=\"twitter:data1\" content=\"2 Minuten\" \/>\r\n<script type=\"application\/ld+json\" class=\"yoast-schema-graph\">{\"@context\":\"https:\/\/schema.org\",\"@graph\":[{\"@type\":\"WebPage\",\"@id\":\"http:\/\/hadi-gmbh.net\/index.php\/body-tube-basic\/\",\"url\":\"http:\/\/hadi-gmbh.net\/index.php\/body-tube-basic\/\",\"name\":\"Body-Tube Basic -\",\"isPartOf\":{\"@id\":\"http:\/\/hadi-gmbh.net\/#website\"},\"datePublished\":\"2022-11-22T07:27:37+00:00\",\"dateModified\":\"2022-11-29T15:34:20+00:00\",\"breadcrumb\":{\"@id\":\"http:\/\/hadi-gmbh.net\/index.php\/body-tube-basic\/#breadcrumb\"},\"inLanguage\":\"de-DE\",\"potentialAction\":[{\"@type\":\"ReadAction\",\"target\":[\"http:\/\/hadi-gmbh.net\/index.php\/body-tube-basic\/\"]}]},{\"@type\":\"BreadcrumbList\",\"@id\":\"http:\/\/hadi-gmbh.net\/index.php\/body-tube-basic\/#breadcrumb\",\"itemListElement\":[{\"@type\":\"ListItem\",\"position\":1,\"name\":\"Startseite\",\"item\":\"http:\/\/hadi-gmbh.net\/\"},{\"@type\":\"ListItem\",\"position\":2,\"name\":\"Body-Tube Basic\"}]},{\"@type\":\"WebSite\",\"@id\":\"http:\/\/hadi-gmbh.net\/#website\",\"url\":\"http:\/\/hadi-gmbh.net\/\",\"name\":\"\",\"description\":\"\",\"potentialAction\":[{\"@type\":\"SearchAction\",\"target\":{\"@type\":\"EntryPoint\",\"urlTemplate\":\"http:\/\/hadi-gmbh.net\/?s={search_term_string}\"},\"query-input\":\"required name=search_term_string\"}],\"inLanguage\":\"de-DE\"}]}<\/script>\r\n<!-- \/ Yoast SEO plugin. -->","yoast_head_json":{"title":"Body-Tube Basic -","robots":{"index":"index","follow":"follow","max-snippet":"max-snippet:-1","max-image-preview":"max-image-preview:large","max-video-preview":"max-video-preview:-1"},"canonical":"http:\/\/hadi-gmbh.net\/index.php\/body-tube-basic\/","og_locale":"de_DE","og_type":"article","og_title":"Body-Tube Basic -","og_description":"Die Dittmann Bodytubes sind f\u00fcr ein effektives Ganzk\u00f6rpertraining, speziell f\u00fcr den Sportbereich, entwickelt worden, um die Fitness und Koordination\/K\u00f6rperstabilit\u00e4t zu verbessern. Die Basic Tubes mit stabilen, abwischbaren und desinfizierbaren Standardgriffen&nbsp;sind nat\u00fcrlich auch f\u00fcr den Gebrauch in Therapie und Reha und&nbsp;privat bestens geeignet. Anwendungsbereich: Brust- und \u00e4ussere Oberarmmuskulatur \u00c4ussere Schultermuskulatur Oberarm &#8222;Trizeps&#8220; Oberarm &#8222;Bizeps&#8220; Wadenmuskulatur Gerade &hellip;","og_url":"http:\/\/hadi-gmbh.net\/index.php\/body-tube-basic\/","article_modified_time":"2022-11-29T15:34:20+00:00","og_image":[{"url":"http:\/\/hadi-gmbh.net\/wp-content\/uploads\/2022\/11\/GR1017_01_bearbeitet-Kopie.jpg"}],"twitter_card":"summary_large_image","twitter_misc":{"Gesch\u00e4tzte Lesezeit":"2 Minuten"},"schema":{"@context":"https:\/\/schema.org","@graph":[{"@type":"WebPage","@id":"http:\/\/hadi-gmbh.net\/index.php\/body-tube-basic\/","url":"http:\/\/hadi-gmbh.net\/index.php\/body-tube-basic\/","name":"Body-Tube Basic -","isPartOf":{"@id":"http:\/\/hadi-gmbh.net\/#website"},"datePublished":"2022-11-22T07:27:37+00:00","dateModified":"2022-11-29T15:34:20+00:00","breadcrumb":{"@id":"http:\/\/hadi-gmbh.net\/index.php\/body-tube-basic\/#breadcrumb"},"inLanguage":"de-DE","potentialAction":[{"@type":"ReadAction","target":["http:\/\/hadi-gmbh.net\/index.php\/body-tube-basic\/"]}]},{"@type":"BreadcrumbList","@id":"http:\/\/hadi-gmbh.net\/index.php\/body-tube-basic\/#breadcrumb","itemListElement":[{"@type":"ListItem","position":1,"name":"Startseite","item":"http:\/\/hadi-gmbh.net\/"},{"@type":"ListItem","position":2,"name":"Body-Tube Basic"}]},{"@type":"WebSite","@id":"http:\/\/hadi-gmbh.net\/#website","url":"http:\/\/hadi-gmbh.net\/","name":"","description":"","potentialAction":[{"@type":"SearchAction","target":{"@type":"EntryPoint","urlTemplate":"http:\/\/hadi-gmbh.net\/?s={search_term_string}"},"query-input":"required name=search_term_string"}],"inLanguage":"de-DE"}]}},"_links":{"self":[{"href":"http:\/\/hadi-gmbh.net\/index.php\/wp-json\/wp\/v2\/pages\/225"}],"collection":[{"href":"http:\/\/hadi-gmbh.net\/index.php\/wp-json\/wp\/v2\/pages"}],"about":[{"href":"http:\/\/hadi-gmbh.net\/index.php\/wp-json\/wp\/v2\/types\/page"}],"author":[{"embeddable":true,"href":"http:\/\/hadi-gmbh.net\/index.php\/wp-json\/wp\/v2\/users\/1"}],"replies":[{"embeddable":true,"href":"http:\/\/hadi-gmbh.net\/index.php\/wp-json\/wp\/v2\/comments?post=225"}],"version-history":[{"count":11,"href":"http:\/\/hadi-gmbh.net\/index.php\/wp-json\/wp\/v2\/pages\/225\/revisions"}],"predecessor-version":[{"id":677,"href":"http:\/\/hadi-gmbh.net\/index.php\/wp-json\/wp\/v2\/pages\/225\/revisions\/677"}],"wp:attachment":[{"href":"http:\/\/hadi-gmbh.net\/index.php\/wp-json\/wp\/v2\/media?parent=225"}],"curies":[{"name":"wp","href":"https:\/\/api.w.org\/{rel}","templated":true}]}}